) in base 14?
-44
What is -245 (base 11) in base 9?
-353
Convert -42 (base 6) to base 7.
-35
Convert -10 (base 5) to base 15.
-5
31 (base 4) to base 16
d
Convert -1a (base 14) to base 13.
-1b
What is -10 (base 4) in base 8?
-4
What is -8 (base 10) in base 7?
-11
-15 (base 8) to base 9
-14
Convert b4 (base 15) to base 5.
1134
Convert 174 (base 12) to base 4.
3220
Convert -3 (base 13) to base 8.
-3
-26 (base 10) to base 6
-42
-10 (base 5) to base 7
-5
What is 32 (base 4) in base 7?
20
Convert 25 (base 16) to base 7.
52
Convert -2 (base 4) to base 8.
-2
What is 111 (base 4) in base 6?
33
-3 (base 15) to base 12
-3
Convert -1 (base 8) to base 7.
-1
What is -49 (base 10) in base 8?
-61
What is -1 (base 7) in base 12?
-1
What is -18 (base 15) in base 4?
-113
What is -5 (base 11) in base 15?
-5
-2 (base 9) to base 8
-2
What is b (base 12) in base 5?
21
Convert -21 (base 10) to base 12.
-19
What is 27 (base 13) in base 16?
21
What is 2 (base 16) in base 14?
2
-250 (base 7) to base 8
-205
-1101 (base 2) to base 7
-16
Convert -4 (base 12) to base 8.
-4
What is -53 (base 11) in base 10?
-58
What is 1000111 (base 2) in base 6?
155
1a (base 11) to base 9
23
4 (base 12) to base 5
4
Convert -1 (base 5) to base 14.
-1
Convert 4 (base 10) to base 4.
10
-18 (base 11) to base 4
-103
-110 (base 5) to base 2
-11110
-281 (base 9) to base 15
-10a
Convert 28 (base 10) to base 14.
20
-4 (base 10) to base 5
-4
Convert -11 (base 2) to base 3.
-10
What is -2a (base 12) in base 8?
-42
42 (base 12) to base 13
3b
74 (base 11) to base 12
69
-2 (base 12) to base 9
-2
Convert -38 (base 15) to base 9.
-58
35 (base 8) to base 14
21
Convert 0 (base 16) to base 8.
0
1 (base 2) to base 9
1
Convert 3 (base 16) to base 3.
10
102 (base 7) to base 12
43
What is 240 (base 12) in base 10?
336
9 (base 15) to base 3
100
Convert 83 (base 10) to base 3.
10002
What is -10010001 (base 2) in base 5?
-1040
What is 84 (base 14) in base 4?
1310
Convert -9 (base 13) to base 5.
-14
-35 (base 12) to base 4
-221
5 (base 15) to base 6
5
-13 (base 8) to base 15
-b
133 (base 6) to base 11
52
Convert 2a (base 14) to base 3.
1102
What is 5 (base 13) in base 10?
5
Convert 1f (base 16) to base 9.
34
Convert 3 (base 12) to base 16.
3
What is -2b (base 16) in base 7?
-61
What is -e3 (base 15) in base 7?
-423
-35 (base 6) to base 3
-212
What is -12 (base 9) in base 8?
-13
What is -18 (base 9) in base 3?
-122
Convert b6 (base 12) to base 11.
116
3 (base 5) to base 15
3
1 (base 7) to base 3
1
-43 (base 8) to base 6
-55
26 (base 9) to base 16
18
Convert 24 (base 8) to base 13.
17
What is -212 (base 3) in base 15?
-18
Convert 132 (base 7) to base 12.
60
What is 31 (base 6) in base 4?
103
-2 (base 4) to base 5
-2
What is 24 (base 6) in base 11?
15
What is -7 (base 14) in base 11?
-7
-20 (base 15) to base 13
-24
-3 (base 16) to base 11
-3
Convert -3 (base 15) to base 4.
-3
2 (base 11) to base 10
2
Convert -e (base 15) to base 3.
-112
Convert 14 (base 10) to base 7.
20
0 (base 4) to base 5
0
What is 1 (base 10) in base 5?
1
-1000101 (base 2) to base 12
-59
10 (base 3) to base 10
3
What is 0 (base 14) in base 9?
0
2 (base 9) to base 3
2
-62 (base 15) to base 3
-10102
131 (base 5) to base 9
45
What is 16 (base 14) in base 12?
18
180 (base 12) to base 8
360
What is 5 (base 9) in base 6?
5
What is -101 (base 2) in base 14?
-5
-5 (base 16) to base 15
-5
Convert -11 (base 11) to base 15.
-c
32 (base 9) to base 2
11101
0 (base 2) to base 10
0
Convert -300 (base 6) to base 5.
-413
Convert -c (base 15) to base 7.
-15
-13 (base 15) to base 4
-102
What is -14 (base 11) in base 3?
-120
Convert -47 (base 15) to base 16.
-43
1 (base 12) to base 5
1
What is 2232 (base 5) in base 8?
475
-223 (base 10) to base 4
-3133
Convert 255 (base 8) to base 11.
148
What is 3 (base 14) in base 10?
3
What is -11 (base 5) in base 7?
-6
-16 (base 15) to base 14
-17
What is -2 (base 4) in base 15?
-2
What is -67 (base 15) in base 11?
-89
-1 (base 7) to base 15
-1
13 (base 4) to base 9
7
1 (base 4) to base 12
1
-213 (base 4) to base 3
-1110
What is -252 (base 8) in base 6?
-442
7 (base 12) to base 6
11
-7 (base 14) to base 5
-12
Convert 1a (base 14) to base 12.
20
Convert -7 (base 16) to base 2.
-111
6 (base 12) to base 13
6
What is 5 (base 11) in base 2?
101
What is -71 (base 10) in base 16?
-47
9 (base 12) to base 5
14
1b (base 14) to base 3
221
Convert 39 (base 11) to base 9.
46
What is -23 (base 15) in base 12?
-29
Convert 130 (base 4) to base 11.
26
13 (base 5) to base 14
8
Convert 25 (base 6) to base 16.
11
Convert 1 (base 16) to base 14.
1
Convert -1300 (base 4) to base 6.
-304
Convert -102 (base 3) to base 14.
-b
What is 0 (base 16) in base 15?
0
What is 2 (base 6) in base 16?
2
What is 48 (base 15) in base 10?
68
2 (base 8) to base 3
2
1 (base 8) to base 4
1
-250 (base 6) to base 16
-66
11 (base 15) to base 11
15
-12 (base 5) to base 10
-7
Convert e (base 15) to base 3.
112
What is -23 (base 6) in base 14?
-11
Convert -254 (base 7) to base 15.
-92
What is -13 (base 4) in base 11?
-7
9b (base 13) to base 8
200
Convert -11 (base 12) to base 16.
-d
-11 (base 3) to base 4
-10
130 (base 4) to base 6
44
-3 (base 9) to base 16
-3
What is -11 (base 5) in base 4?
-12
0 (base 6) to base 15
0
121 (base 3) to base 2
10000
What is 0 (base 11) in base 12?
0
9 (base 16) to base 3
100
Convert -1 (base 4) to base 7.
-1
What is 3 (base 6) in base 16?
3
What is 44 (base 6) in base 2?
11100
What is 66 (base 13) in base 2?
1010100
What is 2 (base 4) in base 3?
2
5 (base 14) to base 6
5
What is -14 (base 10) in base 14?
-10
Convert -3c (base 15) to base 6.
-133
Convert a7 (base 15) to base 16.
9d
Convert -54 (base 11) to base 7.
-113
-10 (base 8) to base 3
-22
What is 67 (base 10) in base 2?
1000011
Convert 23 (base 4) to base 15.
b
What is 64 (base 11) in base 15?
4a
3 (base 5) to base 11
3
Convert 9 (base 13) to base 3.
100
6 (base 8) to base 11
6
-11 (base 8) to base 14
-9
What is 10 (base 5) in base 2?
101
Convert 31 (base 14) to base 8.
53
209 (base 10) to base 7
416
Convert -47 (base 11) to base 6.
-123
What is -20020 (base 3) in base 7?
-330
What is -5 (base 14) in base 15?
-5
Convert -4 (base 15) to base 16.
-4
Convert -5 (base 13) to base 6.
-5
17 (base 9) to base 14
12
What is 20 (base 3) in base 9?
6
Convert ca (base 16) to base 13.
127
43 (base 9) to base 8
47
What is -16 (base 8) in base 2?
-1110
1120 (base 3) to base 7
60
2 (base 4) to base 6
2
What is -334 (base 10) in base 8?
-516
Convert 332 (base 7) to base 3.
20022
Convert 1000010 (base 2) to base 7.
123
-34 (base 11) to base 15
-27
Convert -3 (base 5) to base 11.
-3
Convert 12 (base 6) to base 3.
22
What is 1113 (base 4) in base 13?
69
What is -3 (base 16) in base 14?
-3
2 (base 10) to base 8
2
What is 11 (base 6) in base 2?
111
Convert 2 (base 11) to base 8.
2
-15b (base 14) to base 2
-100010101
What is 0 (base 13) in base 4?
0
What is -422 (base 6) in base 2?
-10011110
Convert -67 (base 9) to base 11.
-56
Convert -6 (base 11) to base 13.
-6
Convert 2 (base 12) to base 11.
2
-102 (base 8) to base 12
-56
0 (base 5) to base 10
0
What is 2 (base 8) in base 15?
2
-2 (base 5) to base 16
-2
What is 14 (base 8) in base 5?
22
Convert 10 (base 3) to base 13.
3
10 (base 13) to base 11
12
What is -1a (base 15) in base 2?
-11001
What is 20 (base 4) in base 8?
10
Convert -35 (base 12) to base 2.
-101001
What is 0 (base 7) in base 11?
0
Convert -300 (base 6) to base 14.
-7a
What is 5 (base 6) in base 8?
5
Convert 2200 (base 3) to base 2.
1001000
What is 2 (base 14) in base 10?
2
What is -7 (base 9) in base 7?
-10
23 (base 8) to base 11
18
Convert -233 (base 6) to base 11.
-85
225 (base 7) to base 3
11100
Convert 7 (base 10) to base 14.
7
Convert -200 (base 3) to base 16.
-12
What is -35 (base 16) in base 2?
-110101
211 (base 5) to base 13
44
Convert -2a (base 12) to base 3.
-1021
3 (base 11) to base 2
11
What is -4 (base 5) in base 14?
-4
What is 2022 (base 4) in base 14?
9c
-1 (base 15) to base 7
-1
Convert -61 (base 10) to base 16.
-3d
Convert -14 (base 13) to base 15.
-12
-36 (base 13) to base 15
-30
Convert 1 (base 10) to base 7.
1
Convert -15 (base 12) to base 13.
-14
Convert -2 (base 15) to base 11.
-2
-11001 (base 2) to base 11
-23
What is -1010 (base 3) in base 2?
-11110
What is -123 (base 6) i